is the remainder when 2801 is divided by 398?
15
What is the remainder when 448 is divided by 113?
109
What is the remainder when 420 is divided by 43?
33
Calculate the remainder when 617 is divided by 23.
19
Calculate the remainder when 161 is divided by 25.
11
What is the remainder when 547 is divided by 142?
121
What is the remainder when 4731 is divided by 2?
1
Calculate the remainder when 262 is divided by 55.
42
Calculate the remainder when 257 is divided by 39.
23
Calculate the remainder when 11174 is divided by 127.
125
Calculate the remainder when 964 is divided by 946.
18
What is the remainder when 818 is divided by 207?
197
What is the remainder when 1276 is divided by 142?
140
Calculate the remainder when 276 is divided by 267.
9
Calculate the remainder when 269 is divided by 46.
39
Calculate the remainder when 636 is divided by 102.
24
Calculate the remainder when 499 is divided by 101.
95
What is the remainder when 427 is divided by 7?
0
What is the remainder when 206 is divided by 70?
66
What is the remainder when 45 is divided by 21?
3
What is the remainder when 307 is divided by 12?
7
What is the remainder when 301 is divided by 42?
7
What is the remainder when 2343 is divided by 131?
116
What is the remainder when 50 is divided by 32?
18
Calculate the remainder when 6657 is divided by 3324.
9
Calculate the remainder when 1654 is divided by 61.
7
Calculate the remainder when 3484 is divided by 41.
40
Calculate the remainder when 9726 is divided by 16.
14
Calculate the remainder when 30 is divided by 9.
3
Calculate the remainder when 194 is divided by 118.
76
What is the remainder when 715 is divided by 45?
40
What is the remainder when 1329 is divided by 37?
34
What is the remainder when 411 is divided by 11?
4
What is the remainder when 5024 is divided by 53?
42
What is the remainder when 354 is divided by 36?
30
What is the remainder when 413 is divided by 32?
29
Calculate the remainder when 2514 is divided by 79.
65
What is the remainder when 231 is divided by 19?
3
What is the remainder when 11391 is divided by 28?
23
What is the remainder when 683 is divided by 70?
53
What is the remainder when 1137 is divided by 4?
1
What is the remainder when 290 is divided by 55?
15
What is the remainder when 322 is divided by 81?
79
Calculate the remainder when 140 is divided by 30.
20
Calculate the remainder when 94 is divided by 28.
10
Calculate the remainder when 169 is divided by 57.
55
What is the remainder when 15503 is divided by 9?
5
What is the remainder when 140 is divided by 50?
40
Calculate the remainder when 4393 is divided by 14.
11
What is the remainder when 1386 is divided by 19?
18
What is the remainder when 44 is divided by 10?
4
What is the remainder when 52 is divided by 19?
14
Calculate the remainder when 2867 is divided by 124.
15
What is the remainder when 165 is divided by 50?
15
Calculate the remainder when 6981 is divided by 291.
288
Calculate the remainder when 58678 is divided by 30.
28
What is the remainder when 1599 is divided by 178?
175
What is the remainder when 930 is divided by 117?
111
Calculate the remainder when 98 is divided by 27.
17
What is the remainder when 1079 is divided by 40?
39
Calculate the remainder when 263 is divided by 88.
87
Calculate the remainder when 778 is divided by 26.
24
Calculate the remainder when 265 is divided by 231.
34
What is the remainder when 118 is divided by 17?
16
Calculate the remainder when 1212 is divided by 32.
28
What is the remainder when 2154 is divided by 135?
129
Calculate the remainder when 46 is divided by 26.
20
Calculate the remainder when 1174 is divided by 226.
44
Calculate the remainder when 1610 is divided by 52.
50
What is the remainder when 68 is divided by 14?
12
Calculate the remainder when 3776 is divided by 84.
80
What is the remainder when 285 is divided by 26?
25
What is the remainder when 236 is divided by 77?
5
Calculate the remainder when 96 is divided by 18.
6
Calculate the remainder when 197 is divided by 88.
21
What is the remainder when 673 is divided by 13?
10
Calculate the remainder when 2661 is divided by 221.
9
What is the remainder when 123 is divided by 4?
3
What is the remainder when 3137 is divided by 96?
65
Calculate the remainder when 335 is divided by 82.
7
Calculate the remainder when 2062 is divided by 682.
16
Calculate the remainder when 3855 is divided by 769.
10
What is the remainder when 296 is divided by 6?
2
What is the remainder when 205 is divided by 11?
7
What is the remainder when 178 is divided by 47?
37
Calculate the remainder when 950 is divided by 448.
54
What is the remainder when 1025 is divided by 49?
45
What is the remainder when 229 is divided by 39?
34
What is the remainder when 922 is divided by 22?
20
Calculate the remainder when 1823 is divided by 76.
75
What is the remainder when 167 is divided by 24?
23
What is the remainder when 504 is divided by 45?
9
What is the remainder when 1910 is divided by 26?
12
What is the remainder when 1546 is divided by 91?
90
What is the remainder when 32 is divided by 11?
10
Calculate the remainder when 4358 is divided by 175.
158
Calculate the remainder when 1095 is divided by 18.
15
What is the remainder when 54184 is divided by 38?
34
Calculate the remainder when 9085 is divided by 128.
125
Calculate the remainder when 63 is divided by 19.
6
Calculate the remainder when 1437 is divided by 106.
59
Calculate the remainder when 1401 is divided by 33.
15
Calculate the remainder when 99719 is divided by 419.
416
What is the remainder when 298 is divided by 38?
32
What is the remainder when 229 is divided by 117?
112
Calculate the remainder when 483 is divided by 121.
120
Calculate the remainder when 207 is divided by 5.
2
Calculate the remainder when 23 is divided by 5.
3
What is the remainder when 145 is divided by 15?
10
What is the remainder when 1208 is divided by 574?
60
Calculate the remainder when 157 is divided by 11.
3
What is the remainder when 5482 is divided by 98?
92
Calculate the remainder when 616 is divided by 58.
36
Calculate the remainder when 342 is divided by 37.
9
What is the remainder when 311 is divided by 24?
23
What is the remainder when 428 is divided by 82?
18
What is the remainder when 1331 is divided by 361?
248
What is the remainder when 31 is divided by 8?
7
Calculate the remainder when 24 is divided by 9.
6
What is the remainder when 5 is divided by 1?
0
Calculate the remainder when 70 is divided by 27.
16
Calculate the remainder when 500 is divided by 492.
8
Calculate the remainder when 250 is divided by 238.
12
What is the remainder when 255 is divided by 26?
21
What is the remainder when 69 is divided by 36?
33
Calculate the remainder when 702 is divided by 257.
188
What is the remainder when 143 is divided by 14?
3
What is the remainder when 169 is divided by 2?
1
Calculate the remainder when 1465 is divided by 103.
23
Calculate the remainder when 348 is divided by 24.
12
Calculate the remainder when 6 is divided by 6.
0
What is the remainder when 124 is divided by 43?
38
Calculate the remainder when 186 is divided by 163.
23
What is the remainder when 55 is divided by 16?
7
What is the remainder when 107 is divided by 34?
5
What is the remainder when 116 is divided by 17?
14
Calculate the remainder when 77 is divided by 12.
5
What is the remainder when 312 is divided by 173?
139
What is the remainder when 428 is divided by 86?
84
What is the remainder when 23 is divided by 7?
2
What is the remainder when 193 is divided by 70?
53
What is the remainder when 47 is divided by 18?
11
What is the remainder when 1016 is divided by 77?
15
Calculate the remainder when 725 is divided by 26.
23
Calculate the remainder when 4749 is divided by 54.
51
What is the remainder when 1518 is divided by 38?
36
What is the remainder when 122 is divided by 22?
12
What is the remainder when 4784 is divided by 145?
144
Calculate the remainder when 8226 is divided by 34.
32
What is the remainder when 2293 is divided by 27?
25
What is the remainder when 1889 is divided by 90?
89
What is the remainder when 1413 is divided by 387?
252
Calculate the remainder when 386 is divided by 30.
26
What is the remainder when 386 is divided by 129?
128
Calculate 